e the prime factors of 487577976?
2, 3, 20315749
What are the prime factors of 48693702?
2, 3, 37, 421, 521
What are the prime factors of 1428231259?
7, 13, 15694849
List the prime factors of 255305587.
37, 6900151
What are the prime factors of 297144113?
7, 887, 47857
List the prime factors of 340231568.
2, 1889, 11257
What are the prime factors of 178128024?
2, 3, 7422001
List the prime factors of 4618423859.
7, 659774837
List the prime factors of 2233220833.
2233220833
What are the prime factors of 379187843?
8929, 42467
List the prime factors of 52877363.
7, 11, 163, 383
What are the prime factors of 53123380?
2, 5, 2656169
List the prime factors of 189519145.
5, 17, 211, 10567
List the prime factors of 61804263.
3, 20601421
What are the prime factors of 962705056?
2, 30084533
What are the prime factors of 61020260?
2, 5, 7, 435859
What are the prime factors of 80141276?
2, 20035319
List the prime factors of 81538553.
1663, 49031
List the prime factors of 33029795.
5, 359, 18401
List the prime factors of 53720672.
2, 1678771
What are the prime factors of 23507041?
1049, 22409
List the prime factors of 1952359515.
3, 5, 43385767
What are the prime factors of 389433672?
2, 3, 5408801
What are the prime factors of 26990680?
2, 5, 674767
List the prime factors of 66753955.
5, 13350791
What are the prime factors of 437573940?
2, 3, 5, 347, 21017
What are the prime factors of 81355415?
5, 37, 439759
What are the prime factors of 67594025?
5, 2703761
What are the prime factors of 1917185?
5, 131, 2927
List the prime factors of 84116133.
3, 37, 41, 61, 101
What are the prime factors of 536761691?
491, 1093201
List the prime factors of 915865472.
2, 29, 246731
What are the prime factors of 659115837?
3, 7639, 9587
What are the prime factors of 63697222?
2, 761, 41851
List the prime factors of 1158522970.
2, 5, 11, 17, 3313
What are the prime factors of 109917709?
11, 401, 24919
List the prime factors of 5090760567.
3, 67, 8442389
List the prime factors of 1331609624.
2, 166451203
List the prime factors of 258425023.
19, 241, 56437
List the prime factors of 135269531.
19, 7119449
List the prime factors of 72898715.
5, 229, 63667
List the prime factors of 267156647.
267156647
What are the prime factors of 7452087?
3, 397, 6257
What are the prime factors of 417310693?
313, 1333261
What are the prime factors of 254026075?
5, 2777, 3659
What are the prime factors of 160403915?
5, 7, 139, 32971
List the prime factors of 1099927390.
2, 5, 23, 2161, 2213
List the prime factors of 23563531.
97, 242923
List the prime factors of 317183602.
2, 158591801
List the prime factors of 3316945094.
2, 43, 89, 433361
List the prime factors of 559874455.
5, 7, 3643, 4391
List the prime factors of 1210979172.
2, 3, 13, 67, 115861
What are the prime factors of 100095440?
2, 5, 431, 2903
List the prime factors of 232844810.
2, 5, 11, 19, 111409
List the prime factors of 62430166.
2, 31215083
What are the prime factors of 1785976374?
2, 3, 7, 13, 59, 55441
List the prime factors of 825789794.
2, 17377, 23761
What are the prime factors of 652299889?
652299889
List the prime factors of 5187012606.
2, 3, 96055789
What are the prime factors of 419359401?
3, 29, 1606741
What are the prime factors of 73325508?
2, 3, 907, 6737
What are the prime factors of 231221814?
2, 3, 29, 1328861
List the prime factors of 1961367204.
2, 3, 163447267
What are the prime factors of 86114142?
2, 3, 109, 43891
What are the prime factors of 286162292?
2, 13, 17, 37, 673
List the prime factors of 2510048780.
2, 5, 379, 331141
List the prime factors of 4752910920.
2, 3, 5, 29, 389, 3511
List the prime factors of 5063409783.
3, 11971, 46997
What are the prime factors of 1376937677?
1376937677
List the prime factors of 18590045.
5, 179, 20771
List the prime factors of 2499544470.
2, 3, 5, 1669, 49921
What are the prime factors of 148998001?
37, 4026973
What are the prime factors of 1685819212?
2, 7, 11, 17, 397, 811
List the prime factors of 46475097.
3, 1201, 12899
List the prime factors of 365395050.
2, 3, 5, 83, 1087
What are the prime factors of 179412176?
2, 2999, 3739
What are the prime factors of 126799011?
3, 1021, 13799
What are the prime factors of 836218708?
2, 13, 1801, 8929
What are the prime factors of 26884239?
3, 233, 38461
List the prime factors of 1267807354.
2, 11, 57627607
What are the prime factors of 1081161500?
2, 5, 2162323
What are the prime factors of 1735903889?
1549, 1120661
What are the prime factors of 31818103?
19, 1674637
What are the prime factors of 164434616?
2, 67, 306781
List the prime factors of 23716841.
23, 983, 1049
What are the prime factors of 2159396102?
2, 43, 503, 49919
List the prime factors of 5582263627.
5582263627
List the prime factors of 1576140844.
2, 659, 597929
List the prime factors of 72014661.
3, 71, 251, 449
What are the prime factors of 455615712?
2, 3, 527333
List the prime factors of 328082898.
2, 3, 11, 13, 17, 83, 271
What are the prime factors of 454164445?
5, 7, 617, 21031
List the prime factors of 1769356430.
2, 5, 17, 1801, 5779
What are the prime factors of 111565574?
2, 55782787
List the prime factors of 58880039.
2557, 23027
List the prime factors of 568156.
2, 142039
List the prime factors of 1238017338.
2, 3, 22926247
What are the prime factors of 6761410?
2, 5, 17, 31, 1283
What are the prime factors of 738157772?
2, 11, 16776313
What are the prime factors of 213848277?
3, 71282759
List the prime factors of 1610247447.
3, 137, 1305959
List the prime factors of 2002704333.
3, 7, 191, 71329
What are the prime factors of 51222591?
3, 7, 5531
List the prime factors of 2664620.
2, 5, 7, 2719
What are the prime factors of 1856719155?
3, 5, 433, 487, 587
What are the prime factors of 134849347?
134849347
What are the prime factors of 18315241?
7, 131, 19973
List the prime factors of 6557833269.
3, 13, 37, 701, 2161
What are the prime factors of 2072229704?
2, 1171, 221203
What are the prime factors of 208155437?
7, 397, 74903
What are the prime factors of 2080481807?
1427, 1457941
What are the prime factors of 282677287?
149, 1897163
List the prime factors of 6269142.
2, 3, 11, 43, 47
List the prime factors of 110202894.
2, 3, 43, 142381
What are the prime factors of 370317117?
3, 251, 491789
What are the prime factors of 117336765?
3, 5, 7, 13, 67, 1283
List the prime factors of 16202890.
2, 5, 11, 147299
What are the prime factors of 61748971?
61748971
What are the prime factors of 2602717745?
5, 520543549
List the prime factors of 2290219611.
3, 229, 3333653
List the prime factors of 2757823240.
2, 5, 31, 541, 4111
List the prime factors of 298080228.
2, 3, 24840019
What are the prime factors of 7846289?
11, 23, 31013
What are the prime factors of 2856483691?
2856483691
What are the prime factors of 241261265?
5, 7, 127, 54277
List the prime factors of 76106260.
2, 5, 3805313
What are the prime factors of 3358465837?
61, 101, 545117
List the prime factors of 3607409400.
2, 3, 5, 7, 122701
List the prime factors of 4799221.
7, 709, 967
List the prime factors of 583664691.
3, 3499, 55603
What are the prime factors of 94921877?
9029, 10513
List the prime factors of 4851473260.
2, 5, 17, 23, 620393
What are the prime factors of 27828074?
2, 53, 83, 3163
What are the prime factors of 648775607?
17, 3217, 11863
What are the prime factors of 131068716?
2, 3, 10922393
List the prime factors of 181836344.
2, 23, 42967
List the prime factors of 2909153.
13, 223781
What are the prime factors of 34709587?
11, 3155417
List the prime factors of 408690553.
67, 6099859
What are the prime factors of 523998171?
3, 97, 389, 1543
What are the prime factors of 11271753?
3, 281, 4457
What are the prime factors of 7635831?
3, 7, 363611
List the prime factors of 672069466.
2, 17, 19766749
List the prime factors of 937550324.
2, 317, 739393
List the prime factors of 173159294.
2, 7, 11, 167, 6733
What are the prime factors of 209835298?
2, 1279, 82031
List the prime factors of 35564001.
3, 11, 1077697
What are the prime factors of 139182599?
139182599
List the prime factors of 39522490.
2, 5, 7, 564607
List the prime factors of 3648242.
2, 13, 140317
What are the prime factors of 189833483?
7, 27119069
List the prime factors of 41724112.
2, 571, 4567
Li